{"id":234,"date":"2023-12-05T20:01:22","date_gmt":"2023-12-05T20:01:22","guid":{"rendered":"https:\/\/naturalearth.cl\/?page_id=234"},"modified":"2023-12-14T20:47:11","modified_gmt":"2023-12-14T20:47:11","slug":"tips","status":"publish","type":"page","link":"https:\/\/naturalearth.cl\/index.php\/tips\/","title":{"rendered":"Tips"},"content":{"rendered":"\t\t<div data-elementor-type=\"wp-page\" data-elementor-id=\"234\" class=\"elementor elementor-234\">\n\t\t\t\t\t\t\t\t\t<section class=\"elementor-section elementor-top-section elementor-element elementor-element-4a47b69 elementor-section-boxed elementor-section-height-default elementor-section-height-default\" data-id=\"4a47b69\" data-element_type=\"section\">\n\t\t\t\t\t\t<div class=\"elementor-container elementor-column-gap-default\">\n\t\t\t\t\t<div class=\"elementor-column elementor-col-100 elementor-top-column elementor-element elementor-element-dc6a0c2\" data-id=\"dc6a0c2\" data-element_type=\"column\">\n\t\t\t<div class=\"elementor-widget-wrap elementor-element-populated\">\n\t\t\t\t\t\t\t\t<div class=\"elementor-element elementor-element-0ac1957 elementor-widget elementor-widget-spacer\" data-id=\"0ac1957\" data-element_type=\"widget\" data-widget_type=\"spacer.default\">\n\t\t\t\t<div class=\"elementor-widget-container\">\n\t\t\t\t\t<div class=\"elementor-spacer\">\n\t\t\t<div class=\"elementor-spacer-inner\"><\/div>\n\t\t<\/div>\n\t\t\t\t<\/div>\n\t\t\t\t<\/div>\n\t\t\t\t<div class=\"elementor-element elementor-element-7479cc1 elementor-widget elementor-widget-text-editor\" data-id=\"7479cc1\" data-element_type=\"widget\" data-widget_type=\"text-editor.default\">\n\t\t\t\t<div class=\"elementor-widget-container\">\n\t\t\t\t\t\t\t<h1 style=\"text-align: center;\">\u00bfC\u00f3mo cambiar su <span style=\"color: #ff8f00;\">alimento<\/span>?<\/h1>\t\t\t\t\t\t<\/div>\n\t\t\t\t<\/div>\n\t\t\t\t\t<\/div>\n\t\t<\/div>\n\t\t\t\t\t\t\t<\/div>\n\t\t<\/section>\n\t\t\t\t<section class=\"elementor-section elementor-top-section elementor-element elementor-element-33560fb elementor-section-boxed elementor-section-height-default elementor-section-height-default\" data-id=\"33560fb\" data-element_type=\"section\">\n\t\t\t\t\t\t<div class=\"elementor-container elementor-column-gap-default\">\n\t\t\t\t\t<div class=\"elementor-column elementor-col-100 elementor-top-column elementor-element elementor-element-9f61284\" data-id=\"9f61284\" data-element_type=\"column\">\n\t\t\t<div class=\"elementor-widget-wrap elementor-element-populated\">\n\t\t\t\t\t\t\t\t<div class=\"elementor-element elementor-element-6fb8147 elementor-widget__width-initial elementor-widget elementor-widget-text-editor\" data-id=\"6fb8147\" data-element_type=\"widget\" data-widget_type=\"text-editor.default\">\n\t\t\t\t<div class=\"elementor-widget-container\">\n\t\t\t\t\t\t\t<p>Si vas a cambiar a<span style=\"color: #ff8f00;\"> Natural Earth<\/span>, realiza el cambio en lapso de 7 a 10 d\u00edas, mezclando de forma parcial los alimentos para que tu mascota se acostumbre de forma adecuada.<\/p>\t\t\t\t\t\t<\/div>\n\t\t\t\t<\/div>\n\t\t\t\t<div class=\"elementor-element elementor-element-a8cd5f1 elementor-widget elementor-widget-spacer\" data-id=\"a8cd5f1\" data-element_type=\"widget\" data-widget_type=\"spacer.default\">\n\t\t\t\t<div class=\"elementor-widget-container\">\n\t\t\t\t\t<div class=\"elementor-spacer\">\n\t\t\t<div class=\"elementor-spacer-inner\"><\/div>\n\t\t<\/div>\n\t\t\t\t<\/div>\n\t\t\t\t<\/div>\n\t\t\t\t\t<\/div>\n\t\t<\/div>\n\t\t\t\t\t\t\t<\/div>\n\t\t<\/section>\n\t\t\t\t<section class=\"elementor-section elementor-top-section elementor-element elementor-element-d67ddc7 elementor-section-boxed elementor-section-height-default elementor-section-height-default\" data-id=\"d67ddc7\" data-element_type=\"section\">\n\t\t\t\t\t\t<div class=\"elementor-container elementor-column-gap-default\">\n\t\t\t\t\t<div class=\"elementor-column elementor-col-25 elementor-top-column elementor-element elementor-element-315a607\" data-id=\"315a607\" data-element_type=\"column\">\n\t\t\t<div class=\"elementor-widget-wrap elementor-element-populated\">\n\t\t\t\t\t\t\t\t<div class=\"elementor-element elementor-element-701347c elementor-widget-mobile__width-initial elementor-widget elementor-widget-image\" data-id=\"701347c\" data-element_type=\"widget\" data-widget_type=\"image.default\">\n\t\t\t\t<div class=\"elementor-widget-container\">\n\t\t\t\t\t\t\t\t\t\t\t\t\t\t\t<img loading=\"lazy\" decoding=\"async\" width=\"202\" height=\"202\" src=\"https:\/\/naturalearth.cl\/wp-content\/uploads\/2023\/12\/plato_3-4.png\" class=\"attachment-large size-large wp-image-269\" alt=\"\" srcset=\"https:\/\/naturalearth.cl\/wp-content\/uploads\/2023\/12\/plato_3-4.png 202w, https:\/\/naturalearth.cl\/wp-content\/uploads\/2023\/12\/plato_3-4-150x150.png 150w, https:\/\/naturalearth.cl\/wp-content\/uploads\/2023\/12\/plato_3-4-100x100.png 100w\" sizes=\"auto, (max-width: 202px) 100vw, 202px\" \/>\t\t\t\t\t\t\t\t\t\t\t\t\t\t\t<\/div>\n\t\t\t\t<\/div>\n\t\t\t\t<div class=\"elementor-element elementor-element-b0c5b09 elementor-widget elementor-widget-text-editor\" data-id=\"b0c5b09\" data-element_type=\"widget\" data-widget_type=\"text-editor.default\">\n\t\t\t\t<div class=\"elementor-widget-container\">\n\t\t\t\t\t\t\t<p style=\"text-align: center;\"><strong><span style=\"color: #ff8f00;\">D\u00eda 1 y 2<\/span><\/strong><br \/>75% alimento anterior<br \/><strong><span style=\"color: #ff8f00;\">25% Natural Earth<\/span><\/strong><\/p>\t\t\t\t\t\t<\/div>\n\t\t\t\t<\/div>\n\t\t\t\t\t<\/div>\n\t\t<\/div>\n\t\t\t\t<div class=\"elementor-column elementor-col-25 elementor-top-column elementor-element elementor-element-2cdc071\" data-id=\"2cdc071\" data-element_type=\"column\">\n\t\t\t<div class=\"elementor-widget-wrap elementor-element-populated\">\n\t\t\t\t\t\t\t\t<div class=\"elementor-element elementor-element-fedc510 elementor-widget-mobile__width-initial elementor-widget elementor-widget-image\" data-id=\"fedc510\" data-element_type=\"widget\" data-widget_type=\"image.default\">\n\t\t\t\t<div class=\"elementor-widget-container\">\n\t\t\t\t\t\t\t\t\t\t\t\t\t\t\t<img loading=\"lazy\" decoding=\"async\" width=\"202\" height=\"202\" src=\"https:\/\/naturalearth.cl\/wp-content\/uploads\/2023\/12\/plato_1-2.png\" class=\"attachment-large size-large wp-image-268\" alt=\"\" srcset=\"https:\/\/naturalearth.cl\/wp-content\/uploads\/2023\/12\/plato_1-2.png 202w, https:\/\/naturalearth.cl\/wp-content\/uploads\/2023\/12\/plato_1-2-150x150.png 150w, https:\/\/naturalearth.cl\/wp-content\/uploads\/2023\/12\/plato_1-2-100x100.png 100w\" sizes=\"auto, (max-width: 202px) 100vw, 202px\" \/>\t\t\t\t\t\t\t\t\t\t\t\t\t\t\t<\/div>\n\t\t\t\t<\/div>\n\t\t\t\t<div class=\"elementor-element elementor-element-8a87014 elementor-widget elementor-widget-text-editor\" data-id=\"8a87014\" data-element_type=\"widget\" data-widget_type=\"text-editor.default\">\n\t\t\t\t<div class=\"elementor-widget-container\">\n\t\t\t\t\t\t\t<p style=\"text-align: center;\"><strong><span style=\"color: #ff8f00;\">D\u00eda 3 y 4<\/span><\/strong><br \/>50% alimento anterior<br \/><strong><span style=\"color: #ff8f00;\">50% Natural Earth<\/span><\/strong><\/p>\t\t\t\t\t\t<\/div>\n\t\t\t\t<\/div>\n\t\t\t\t\t<\/div>\n\t\t<\/div>\n\t\t\t\t<div class=\"elementor-column elementor-col-25 elementor-top-column elementor-element elementor-element-20c2d09\" data-id=\"20c2d09\" data-element_type=\"column\">\n\t\t\t<div class=\"elementor-widget-wrap elementor-element-populated\">\n\t\t\t\t\t\t\t\t<div class=\"elementor-element elementor-element-4b0b0a9 elementor-widget-mobile__width-initial elementor-widget elementor-widget-image\" data-id=\"4b0b0a9\" data-element_type=\"widget\" data-widget_type=\"image.default\">\n\t\t\t\t<div class=\"elementor-widget-container\">\n\t\t\t\t\t\t\t\t\t\t\t\t\t\t\t<img loading=\"lazy\" decoding=\"async\" width=\"201\" height=\"202\" src=\"https:\/\/naturalearth.cl\/wp-content\/uploads\/2023\/12\/plato_1-4.png\" class=\"attachment-large size-large wp-image-267\" alt=\"\" srcset=\"https:\/\/naturalearth.cl\/wp-content\/uploads\/2023\/12\/plato_1-4.png 201w, https:\/\/naturalearth.cl\/wp-content\/uploads\/2023\/12\/plato_1-4-150x150.png 150w, https:\/\/naturalearth.cl\/wp-content\/uploads\/2023\/12\/plato_1-4-100x100.png 100w\" sizes=\"auto, (max-width: 201px) 100vw, 201px\" \/>\t\t\t\t\t\t\t\t\t\t\t\t\t\t\t<\/div>\n\t\t\t\t<\/div>\n\t\t\t\t<div class=\"elementor-element elementor-element-0cd170b elementor-widget elementor-widget-text-editor\" data-id=\"0cd170b\" data-element_type=\"widget\" data-widget_type=\"text-editor.default\">\n\t\t\t\t<div class=\"elementor-widget-container\">\n\t\t\t\t\t\t\t<p style=\"text-align: center;\"><strong><span style=\"color: #ff8f00;\">D\u00eda 5 y 6<\/span><\/strong><br \/>25% alimento anterior<br \/><strong><span style=\"color: #ff8f00;\">75% Natural Earth<\/span><\/strong><\/p>\t\t\t\t\t\t<\/div>\n\t\t\t\t<\/div>\n\t\t\t\t\t<\/div>\n\t\t<\/div>\n\t\t\t\t<div class=\"elementor-column elementor-col-25 elementor-top-column elementor-element elementor-element-62f36e0\" data-id=\"62f36e0\" data-element_type=\"column\">\n\t\t\t<div class=\"elementor-widget-wrap elementor-element-populated\">\n\t\t\t\t\t\t\t\t<div class=\"elementor-element elementor-element-576e4bc elementor-widget-mobile__width-initial elementor-widget elementor-widget-image\" data-id=\"576e4bc\" data-element_type=\"widget\" data-widget_type=\"image.default\">\n\t\t\t\t<div class=\"elementor-widget-container\">\n\t\t\t\t\t\t\t\t\t\t\t\t\t\t\t<img loading=\"lazy\" decoding=\"async\" width=\"202\" height=\"202\" src=\"https:\/\/naturalearth.cl\/wp-content\/uploads\/2023\/12\/plato_full.png\" class=\"attachment-large size-large wp-image-266\" alt=\"\" srcset=\"https:\/\/naturalearth.cl\/wp-content\/uploads\/2023\/12\/plato_full.png 202w, https:\/\/naturalearth.cl\/wp-content\/uploads\/2023\/12\/plato_full-150x150.png 150w, https:\/\/naturalearth.cl\/wp-content\/uploads\/2023\/12\/plato_full-100x100.png 100w\" sizes=\"auto, (max-width: 202px) 100vw, 202px\" \/>\t\t\t\t\t\t\t\t\t\t\t\t\t\t\t<\/div>\n\t\t\t\t<\/div>\n\t\t\t\t<div class=\"elementor-element elementor-element-a0e5757 elementor-widget elementor-widget-text-editor\" data-id=\"a0e5757\" data-element_type=\"widget\" data-widget_type=\"text-editor.default\">\n\t\t\t\t<div class=\"elementor-widget-container\">\n\t\t\t\t\t\t\t<p style=\"text-align: center;\"><strong><span style=\"color: #ff8f00;\">D\u00eda 7 o +<\/span><\/strong><\/p><p style=\"text-align: center;\"><strong><span style=\"color: #ff8f00;\">100% Natural Earth<\/span><\/strong><\/p>\t\t\t\t\t\t<\/div>\n\t\t\t\t<\/div>\n\t\t\t\t\t<\/div>\n\t\t<\/div>\n\t\t\t\t\t\t\t<\/div>\n\t\t<\/section>\n\t\t\t\t<section class=\"elementor-section elementor-top-section elementor-element elementor-element-0bf660d elementor-section-boxed elementor-section-height-default elementor-section-height-default\" data-id=\"0bf660d\" data-element_type=\"section\">\n\t\t\t\t\t\t<div class=\"elementor-container elementor-column-gap-default\">\n\t\t\t\t\t<div class=\"elementor-column elementor-col-100 elementor-top-column elementor-element elementor-element-5c0b06b\" data-id=\"5c0b06b\" data-element_type=\"column\">\n\t\t\t<div class=\"elementor-widget-wrap elementor-element-populated\">\n\t\t\t\t\t\t\t\t<div class=\"elementor-element elementor-element-1de465f elementor-widget elementor-widget-spacer\" data-id=\"1de465f\" data-element_type=\"widget\" data-widget_type=\"spacer.default\">\n\t\t\t\t<div class=\"elementor-widget-container\">\n\t\t\t\t\t<div class=\"elementor-spacer\">\n\t\t\t<div class=\"elementor-spacer-inner\"><\/div>\n\t\t<\/div>\n\t\t\t\t<\/div>\n\t\t\t\t<\/div>\n\t\t\t\t\t<\/div>\n\t\t<\/div>\n\t\t\t\t\t\t\t<\/div>\n\t\t<\/section>\n\t\t\t\t<section class=\"elementor-section elementor-top-section elementor-element elementor-element-a5a4060 elementor-section-boxed elementor-section-height-default elementor-section-height-default\" data-id=\"a5a4060\" data-element_type=\"section\">\n\t\t\t\t\t\t<div class=\"elementor-container elementor-column-gap-default\">\n\t\t\t\t\t<div class=\"elementor-column elementor-col-100 elementor-top-column elementor-element elementor-element-1ff7725\" data-id=\"1ff7725\" data-element_type=\"column\">\n\t\t\t<div class=\"elementor-widget-wrap elementor-element-populated\">\n\t\t\t\t\t\t\t\t<div class=\"elementor-element elementor-element-eb51da9 elementor-widget elementor-widget-text-editor\" data-id=\"eb51da9\" data-element_type=\"widget\" data-widget_type=\"text-editor.default\">\n\t\t\t\t<div class=\"elementor-widget-container\">\n\t\t\t\t\t\t\t<p style=\"text-align: center;\"><span style=\"color: #ff8f00;\">*<\/span>\u00a1Recuerda que cambiar de forma brusca la alimentaci\u00f3n de tu mascota podr\u00eda ocasionar molestias estomacales! <\/p>\t\t\t\t\t\t<\/div>\n\t\t\t\t<\/div>\n\t\t\t\t\t<\/div>\n\t\t<\/div>\n\t\t\t\t\t\t\t<\/div>\n\t\t<\/section>\n\t\t\t\t<section class=\"elementor-section elementor-top-section elementor-element elementor-element-65a839d elementor-section-boxed elementor-section-height-default elementor-section-height-default\" data-id=\"65a839d\" data-element_type=\"section\">\n\t\t\t\t\t\t<div class=\"elementor-container elementor-column-gap-default\">\n\t\t\t\t\t<div class=\"elementor-column elementor-col-100 elementor-top-column elementor-element elementor-element-46f762a\" data-id=\"46f762a\" data-element_type=\"column\">\n\t\t\t<div class=\"elementor-widget-wrap elementor-element-populated\">\n\t\t\t\t\t\t\t\t<div class=\"elementor-element elementor-element-04a9718 elementor-widget elementor-widget-spacer\" data-id=\"04a9718\" data-element_type=\"widget\" data-widget_type=\"spacer.default\">\n\t\t\t\t<div class=\"elementor-widget-container\">\n\t\t\t\t\t<div class=\"elementor-spacer\">\n\t\t\t<div class=\"elementor-spacer-inner\"><\/div>\n\t\t<\/div>\n\t\t\t\t<\/div>\n\t\t\t\t<\/div>\n\t\t\t\t\t<\/div>\n\t\t<\/div>\n\t\t\t\t\t\t\t<\/div>\n\t\t<\/section>\n\t\t\t\t<section class=\"elementor-section elementor-top-section elementor-element elementor-element-8067e90 elementor-section-full_width elementor-section-height-default elementor-section-height-default\" data-id=\"8067e90\" data-element_type=\"section\">\n\t\t\t\t\t\t<div class=\"elementor-container elementor-column-gap-no\">\n\t\t\t\t\t<div class=\"elementor-column elementor-col-100 elementor-top-column elementor-element elementor-element-cc385f1\" data-id=\"cc385f1\" data-element_type=\"column\">\n\t\t\t<div class=\"elementor-widget-wrap elementor-element-populated\">\n\t\t\t\t\t\t\t\t<div class=\"elementor-element elementor-element-64711c5 elementor-widget__width-inherit elementor-widget elementor-widget-progress\" data-id=\"64711c5\" data-element_type=\"widget\" data-widget_type=\"progress.default\">\n\t\t\t\t<div class=\"elementor-widget-container\">\n\t\t\t\n\t\t<div class=\"elementor-progress-wrapper\" role=\"progressbar\" aria-valuemin=\"0\" aria-valuemax=\"100\" aria-valuenow=\"50\">\n\t\t\t<div class=\"elementor-progress-bar\" data-max=\"50\">\n\t\t\t\t<span class=\"elementor-progress-text\"><\/span>\n\t\t\t\t\t\t\t<\/div>\n\t\t<\/div>\n\t\t\t\t<\/div>\n\t\t\t\t<\/div>\n\t\t\t\t\t<\/div>\n\t\t<\/div>\n\t\t\t\t\t\t\t<\/div>\n\t\t<\/section>\n\t\t\t\t<section class=\"elementor-section elementor-top-section elementor-element elementor-element-cd3fca0 elementor-section-boxed elementor-section-height-default elementor-section-height-default\" data-id=\"cd3fca0\" data-element_type=\"section\">\n\t\t\t\t\t\t<div class=\"elementor-container elementor-column-gap-default\">\n\t\t\t\t\t<div class=\"elementor-column elementor-col-100 elementor-top-column elementor-element elementor-element-cc4f40e\" data-id=\"cc4f40e\" data-element_type=\"column\">\n\t\t\t<div class=\"elementor-widget-wrap elementor-element-populated\">\n\t\t\t\t\t\t\t\t<div class=\"elementor-element elementor-element-e16a40f elementor-widget elementor-widget-spacer\" data-id=\"e16a40f\" data-element_type=\"widget\" data-widget_type=\"spacer.default\">\n\t\t\t\t<div class=\"elementor-widget-container\">\n\t\t\t\t\t<div class=\"elementor-spacer\">\n\t\t\t<div class=\"elementor-spacer-inner\"><\/div>\n\t\t<\/div>\n\t\t\t\t<\/div>\n\t\t\t\t<\/div>\n\t\t\t\t\t<\/div>\n\t\t<\/div>\n\t\t\t\t\t\t\t<\/div>\n\t\t<\/section>\n\t\t\t\t<section class=\"elementor-section elementor-top-section elementor-element elementor-element-6594f93 elementor-section-boxed elementor-section-height-default elementor-section-height-default\" data-id=\"6594f93\" data-element_type=\"section\">\n\t\t\t\t\t\t<div class=\"elementor-container elementor-column-gap-default\">\n\t\t\t\t\t<div class=\"elementor-column elementor-col-50 elementor-top-column elementor-element elementor-element-10e4c50\" data-id=\"10e4c50\" data-element_type=\"column\">\n\t\t\t<div class=\"elementor-widget-wrap elementor-element-populated\">\n\t\t\t\t\t\t\t\t<div class=\"elementor-element elementor-element-cf6774f elementor-widget-mobile__width-initial elementor-widget elementor-widget-image\" data-id=\"cf6774f\" data-element_type=\"widget\" data-widget_type=\"image.default\">\n\t\t\t\t<div class=\"elementor-widget-container\">\n\t\t\t\t\t\t\t\t\t\t\t\t\t\t\t<img loading=\"lazy\" decoding=\"async\" width=\"324\" height=\"488\" src=\"https:\/\/naturalearth.cl\/wp-content\/uploads\/2023\/12\/RENDER_ADULTO_10KG-1.png\" class=\"attachment-large size-large wp-image-301\" alt=\"\" srcset=\"https:\/\/naturalearth.cl\/wp-content\/uploads\/2023\/12\/RENDER_ADULTO_10KG-1.png 324w, https:\/\/naturalearth.cl\/wp-content\/uploads\/2023\/12\/RENDER_ADULTO_10KG-1-199x300.png 199w\" sizes=\"auto, (max-width: 324px) 100vw, 324px\" \/>\t\t\t\t\t\t\t\t\t\t\t\t\t\t\t<\/div>\n\t\t\t\t<\/div>\n\t\t\t\t\t<\/div>\n\t\t<\/div>\n\t\t\t\t<div class=\"elementor-column elementor-col-50 elementor-top-column elementor-element elementor-element-7158d80\" data-id=\"7158d80\" data-element_type=\"column\">\n\t\t\t<div class=\"elementor-widget-wrap elementor-element-populated\">\n\t\t\t\t\t\t\t\t<div class=\"elementor-element elementor-element-e8587b3 elementor-widget elementor-widget-spacer\" data-id=\"e8587b3\" data-element_type=\"widget\" data-widget_type=\"spacer.default\">\n\t\t\t\t<div class=\"elementor-widget-container\">\n\t\t\t\t\t<div class=\"elementor-spacer\">\n\t\t\t<div class=\"elementor-spacer-inner\"><\/div>\n\t\t<\/div>\n\t\t\t\t<\/div>\n\t\t\t\t<\/div>\n\t\t\t\t<div class=\"elementor-element elementor-element-75c8a4a elementor-widget elementor-widget-text-editor\" data-id=\"75c8a4a\" data-element_type=\"widget\" data-widget_type=\"text-editor.default\">\n\t\t\t\t<div class=\"elementor-widget-container\">\n\t\t\t\t\t\t\t<p style=\"text-align: left;\">\u00bfCantidad de <span style=\"color: #ff8f00;\">alimentaci\u00f3n<\/span>?<\/p>\t\t\t\t\t\t<\/div>\n\t\t\t\t<\/div>\n\t\t\t\t<div class=\"elementor-element elementor-element-0c33737 elementor-widget__width-initial elementor-widget elementor-widget-text-editor\" data-id=\"0c33737\" data-element_type=\"widget\" data-widget_type=\"text-editor.default\">\n\t\t\t\t<div class=\"elementor-widget-container\">\n\t\t\t\t\t\t\t<p>Para saber la cantidad de comida que debes darle a tu mascota, gu\u00edate por las tablas de consumo diario que vienen en la parte trasera de cada envase, ah\u00ed podr\u00e1s encontrar la porci\u00f3n adecuada.<\/p>\t\t\t\t\t\t<\/div>\n\t\t\t\t<\/div>\n\t\t\t\t<div class=\"elementor-element elementor-element-d694450 elementor-widget__width-initial elementor-widget elementor-widget-text-editor\" data-id=\"d694450\" data-element_type=\"widget\" data-widget_type=\"text-editor.default\">\n\t\t\t\t<div class=\"elementor-widget-container\">\n\t\t\t\t\t\t\t<p>Recuerda que si tu mascota est\u00e1 con sobrepeso, debes medir la cantidad de comida de acuerdo a su peso ideal y no su peso actual.<\/p>\t\t\t\t\t\t<\/div>\n\t\t\t\t<\/div>\n\t\t\t\t\t<\/div>\n\t\t<\/div>\n\t\t\t\t\t\t\t<\/div>\n\t\t<\/section>\n\t\t\t\t<section class=\"elementor-section elementor-top-section elementor-element elementor-element-f96f9f3 elementor-section-boxed elementor-section-height-default elementor-section-height-default\" data-id=\"f96f9f3\" data-element_type=\"section\">\n\t\t\t\t\t\t<div class=\"elementor-container elementor-column-gap-default\">\n\t\t\t\t\t<div class=\"elementor-column elementor-col-100 elementor-top-column elementor-element elementor-element-91a8122\" data-id=\"91a8122\" data-element_type=\"column\">\n\t\t\t<div class=\"elementor-widget-wrap elementor-element-populated\">\n\t\t\t\t\t\t\t\t<div class=\"elementor-element elementor-element-29a60a1 elementor-widget elementor-widget-spacer\" data-id=\"29a60a1\" data-element_type=\"widget\" data-widget_type=\"spacer.default\">\n\t\t\t\t<div class=\"elementor-widget-container\">\n\t\t\t\t\t<div class=\"elementor-spacer\">\n\t\t\t<div class=\"elementor-spacer-inner\"><\/div>\n\t\t<\/div>\n\t\t\t\t<\/div>\n\t\t\t\t<\/div>\n\t\t\t\t\t<\/div>\n\t\t<\/div>\n\t\t\t\t\t\t\t<\/div>\n\t\t<\/section>\n\t\t\t\t\t\t\t<\/div>\n\t\t","protected":false},"excerpt":{"rendered":"<p>\u00bfC\u00f3mo cambiar su alimento? Si vas a cambiar a Natural Earth, realiza el cambio en lapso de 7 a 10 d\u00edas, mezclando de forma parcial los alimentos para que tu mascota se acostumbre de forma adecuada. D\u00eda 1 y 275% alimento anterior25% Natural Earth D\u00eda 3 y 450% alimento anterior50% Natural Earth D\u00eda 5 y [&hellip;]<\/p>\n","protected":false},"author":2,"featured_media":0,"parent":0,"menu_order":0,"comment_status":"closed","ping_status":"closed","template":"elementor_header_footer","meta":{"footnotes":""},"class_list":["post-234","page","type-page","status-publish","hentry"],"acf":[],"_links":{"self":[{"href":"https:\/\/naturalearth.cl\/index.php\/wp-json\/wp\/v2\/pages\/234","targetHints":{"allow":["GET"]}}],"collection":[{"href":"https:\/\/naturalearth.cl\/index.php\/wp-json\/wp\/v2\/pages"}],"about":[{"href":"https:\/\/naturalearth.cl\/index.php\/wp-json\/wp\/v2\/types\/page"}],"author":[{"embeddable":true,"href":"https:\/\/naturalearth.cl\/index.php\/wp-json\/wp\/v2\/users\/2"}],"replies":[{"embeddable":true,"href":"https:\/\/naturalearth.cl\/index.php\/wp-json\/wp\/v2\/comments?post=234"}],"version-history":[{"count":103,"href":"https:\/\/naturalearth.cl\/index.php\/wp-json\/wp\/v2\/pages\/234\/revisions"}],"predecessor-version":[{"id":938,"href":"https:\/\/naturalearth.cl\/index.php\/wp-json\/wp\/v2\/pages\/234\/revisions\/938"}],"wp:attachment":[{"href":"https:\/\/naturalearth.cl\/index.php\/wp-json\/wp\/v2\/media?parent=234"}],"curies":[{"name":"wp","href":"https:\/\/api.w.org\/{rel}","templated":true}]}}